 digit of 1617?
1
What is the units digit of 3502?
2
What is the hundreds digit of 5966?
9
What is the tens digit of 3835?
3
What is the tens digit of 111?
1
What is the hundreds digit of 206?
2
What is the hundreds digit of 355?
3
What is the units digit of 8688?
8
What is the units digit of 616?
6
What is the hundreds digit of 64793?
7
What is the hundreds digit of 58886?
8
What is the tens digit of 1185?
8
What is the tens digit of 5311?
1
What is the tens digit of 3177?
7
What is the tens digit of 45?
4
What is the thousands digit of 2382?
2
What is the units digit of 379?
9
What is the units digit of 1777?
7
What is the units digit of 183?
3
What is the units digit of 1876?
6
What is the thousands digit of 12855?
2
What is the tens digit of 64537?
3
What is the ten thousands digit of 27115?
2
What is the ten thousands digit of 21385?
2
What is the units digit of 81227?
7
What is the units digit of 954?
4
What is the thousands digit of 10864?
0
What is the hundreds digit of 8944?
9
What is the ten thousands digit of 16932?
1
What is the thousands digit of 5198?
5
What is the tens digit of 87153?
5
What is the hundreds digit of 21029?
0
What is the tens digit of 4362?
6
What is the hundred thousands digit of 113978?
1
What is the thousands digit of 8872?
8
What is the thousands digit of 3654?
3
What is the units digit of 29631?
1
What is the units digit of 1371?
1
What is the units digit of 75579?
9
What is the hundreds digit of 4732?
7
What is the hundreds digit of 644?
6
What is the thousands digit of 3546?
3
What is the tens digit of 9937?
3
What is the thousands digit of 7374?
7
What is the units digit of 34085?
5
What is the tens digit of 7397?
9
What is the ten thousands digit of 68596?
6
What is the thousands digit of 56075?
6
What is the thousands digit of 43882?
3
What is the hundreds digit of 115701?
7
What is the tens digit of 684?
8
What is the hundreds digit of 1394?
3
What is the tens digit of 775?
7
What is the tens digit of 59940?
4
What is the hundreds digit of 24071?
0
What is the hundreds digit of 9519?
5
What is the thousands digit of 3524?
3
What is the units digit of 26511?
1
What is the tens digit of 3833?
3
What is the hundreds digit of 689?
6
What is the hundreds digit of 16774?
7
What is the thousands digit of 45951?
5
What is the units digit of 1401?
1
What is the units digit of 363?
3
What is the units digit of 1076?
6
What is the units digit of 39711?
1
What is the units digit of 13706?
6
What is the thousands digit of 17224?
7
What is the tens digit of 708?
0
What is the units digit of 1007?
7
What is the hundreds digit of 2798?
7
What is the units digit of 19830?
0
What is the hundreds digit of 3479?
4
What is the hundreds digit of 45972?
9
What is the thousands digit of 141858?
1
What is the thousands digit of 28765?
8
What is the tens digit of 215?
1
What is the tens digit of 3033?
3
What is the hundreds digit of 35947?
9
What is the units digit of 2570?
0
What is the hundreds digit of 46770?
7
What is the hundreds digit of 669?
6
What is the hundreds digit of 10850?
8
What is the ten thousands digit of 22397?
2
What is the hundreds digit of 157951?
9
What is the units digit of 133789?
9
What is the thousands digit of 56094?
6
What is the hundreds digit of 7080?
0
What is the tens digit of 17?
1
What is the tens digit of 113512?
1
What is the hundreds digit of 10143?
1
What is the units digit of 275?
5
What is the hundreds digit of 966?
9
What is the hundred thousands digit of 117970?
1
What is the thousands digit of 28429?
8
What is the tens digit of 984?
8
What is the thousands digit of 7383?
7
What is the hundreds digit of 740?
7
What is the thousands digit of 1535?
1
What is the hundreds digit of 4346?
3
What is the thousands digit of 2835?
2
What is the thousands digit of 17177?
7
What is the units digit of 2176?
6
What is the hundreds digit of 611?
6
What is the thousands digit of 1368?
1
What is the units digit of 11862?
2
What is the units digit of 163?
3
What is the thousands digit of 27884?
7
What is the units digit of 22359?
9
What is the hundreds digit of 22678?
6
What is the units digit of 6680?
0
What is the units digit of 1038?
8
What is the tens digit of 2901?
0
What is the hundreds digit of 1732?
7
What is the tens digit of 504?
0
What is the ten thousands digit of 45364?
4
What is the hundred thousands digit of 136009?
1
What is the hundreds digit of 182?
1
What is the thousands digit of 2356?
2
What is the tens digit of 71?
7
What is the hundreds digit of 298?
2
What is the tens digit of 86633?
3
What is the hundreds digit of 117638?
6
What is the tens digit of 12527?
2
What is the tens digit of 944?
4
What is the thousands digit of 13303?
3
What is the hundreds digit of 11353?
3
What is the units digit of 29908?
8
What is the tens digit of 42312?
1
What is the hundreds digit of 30189?
1
What is the thousands digit of 9300?
9
What is the tens digit of 3269?
6
What is the units digit of 205?
5
What is the hundred thousands digit of 111013?
1
What is the thousands digit of 19581?
9
What is the thousands digit of 2668?
2
What is the hundreds digit of 32310?
3
What is the thousands digit of 38915?
8
What is the ten thousands digit of 66984?
6
What is the tens digit of 429?
2
What is the ten thousands digit of 30599?
3
What is the units digit of 18216?
6
What is the thousands digit of 1036?
1
What is the tens digit of 51?
5
What is the units digit of 1624?
4
What is the tens digit of 64?
6
What is the tens digit of 16071?
7
What is the hundreds digit of 938?
9
What is the thousands digit of 30228?
0
What is the thousands digit of 1071?
1
What is the hundreds digit of 7866?
8
What is the tens digit of 32?
3
What is the hundreds digit of 2333?
3
What is the hundreds digit of 1280?
2
What is the thousands digit of 25641?
5
What is the hundreds digit of 45197?
1
What is the hundreds digit of 2021?
0
What is the units digit of 514?
4
What is the tens digit of 40525?
2
What is the ten thousands digit of 39091?
3
What is the tens digit of 11922?
2
What is the tens digit of 208?
0
What is the hundreds digit of 13772?
7
What is the tens digit of 26357?
5
What is the ten thousands digit of 132699?
3
What is the hundreds digit of 1013?
0
What is the thousands digit of 10467?
0
What is the tens digit of 110967?
6
What is the ten thousands digit of 15818?
1
What is the hundreds digit of 26853?
8
What is the units digit of 127992?
2
What is the hundreds digit of 968?
9
What is the hundreds digit of 1485?
4
What is the hundreds digit of 2584?
5
What is the units digit of 519?
9
What is the thousands digit of 4780?
4
What is the ten thousands digit of 36580?
3
What is the tens digit of 2180?
8
What is the units digit of 4008?
8
What is the hundreds digit of 2387?
3
What is the thousands digit of 1637?
1
What is the tens digit of 32535?
3
What is the hundreds digit of 777?
7
What is the thousands digit of 3083?
3
What is the tens digit of 3913?
1
What is the hundreds digit of 677?
6
What is the units digit of 280?
0
What is the hundreds digit of 55259?
2
What is the units digit of 2601?
1
What is the tens digit of 28385?
8
What is the hundreds digit of 175014?
0
What is the tens digit of 543?
4
What is the hundreds digit of 6472?
4
What is the hundreds digit of 797?
7
What is the tens digit of 3943?
4
What is the hundreds digit of 23997?
9
What is the units digit of 7721?
1
What is the thousands digit of 101943?
1
What is the units digit of 912?
2
What is the thousands digit of 2889?
2
What is the tens digit of 35786?
8
What is the units digit of 361?
1
What is the units digit of 1500?
0
What is the units digit of 708?
8
What is the tens digit of 707?
0
What is the thousands digit of 4445?
4
What is the hundreds digit of 203?
2
What is the tens digit of 951?
5
What is the units digit of 2798?
8
What is the units digit of 304?
4
What is the thousands digit of 13438?
3
What is the thousands digit of 3055?
3
What is the hundreds digit of 8418?
4
What is the hundreds digit of 335?
3
What is the thousands digit of 5555?
5
What is the hundreds digit of 773?
7
What is the tens digit of 657?
5
What is the tens digit of 968?
6
What is the units digit of 28?
8
What is the thousands digit of 3282?
3
What is the hundr